
148
Let p(v) = 2*v**2 + 6*v - 928. Calculate p(20).
-8
Let t(y) = -14*y**3 + 5*y**2 - 183*y + 539. Calculate t(3).
-343
Let n(r) = 11*r - 405. Give n(-38).
-823
Let k(u) = 55*u + 1193. Give k(-22).
-17
Let f(t) = 214*t + 4894. Calculate f(-23).
-28
Let r(x) = -x**2 + 290*x - 4847. What is r(18)?
49
Let a(f) = -f**3 + 15*f**2 - 46*f + 17. Calculate a(4).
9
Let h(y) = -7*y**2 - 69*y - 27. Give h(-13).
-313
Let c(r) = r**3 - 40*r**2 - 168*r - 305. Give c(44).
47
Let r(l) = 361*l - 3244. Determine r(9).
5
Let j(u) = -u**3 - 7*u - 85. Calculate j(0).
-85
Let b(r) = 2*r**2 + 164*r + 478. Determine b(-79).
4
Let v(o) = -14*o - 66. What is v(0)?
-66
Let u(c) = c**3 + 4*c**2 - 25*c - 156. What is u(-6)?
-78
Let s(y) = -5*y**2 - 58*y + 576. What is s(-18)?
0
Let x(v) = v**2 + 736*v + 10829. What is x(-15)?
14
Let d(p) = -29*p + 427. Give d(15).
-8
Let x(o) = 16*o**2 - 749*o - 1513. Determine x(-2).
49
Let z(p) = p**2 + 36*p - 193. Determine z(-34).
-261
Let h(z) = -4*z**2 + 61*z + 196. Give h(18).
-2
Let q(c) = -2*c**3 + 26*c**2 - 11*c + 136. Determine q(13).
-7
Let u(s) = s**3 + 30*s**2 - 23*s + 254. Calculate u(-31).
6
Let h(s) = -2*s + 8. What is h(22)?
-36
Let j(z) = -16*z - 17. Give j(6).
-113
Let w(i) = 58*i - 6288. Determine w(105).
-198
Let h(z) = z**3 + 144*z**2 + 813*z - 2094. Give h(-138).
-24
Let c(i) = -i**2 + 32*i + 7. Determine c(32).
7
Let l(i) = 62*i + 277. Calculate l(-11).
-405
Let d(x) = -3*x - 152. Determine d(-33).
-53
Let a(r) = 3430*r + 154359. What is a(-45)?
9
Let n(i) = -2*i + 193. What is n(-58)?
309
Let y(v) = -11*v**2 + 8*v + 40. What is y(9)?
-779
Let a(r) = -49*r**2 + 27*r + 75. Determine a(-3).
-447
Let b(j) = -18*j**2 - 169*j - 692. Calculate b(-4).
-304
Let k(w) = -39*w - 717. Give k(17).
-1380
Let d(c) = 134*c + 1212. Calculate d(-9).
6
Let v(n) = -41*n + 163. Determine v(6).
-83
Let k(d) = 3*d**3 - 4*d**2 - 121*d + 216. Give k(6).
-6
Let g(a) = -a**2 - 125*a + 508. Give g(4).
-8
Let k(b) = -6*b**2 - 224*b - 11. Give k(-35).
479
Let s(f) = f**3 - 72*f**2 + 72*f - 59. Calculate s(71).
12
Let r(u) = 655*u**2 + 20964*u + 120. Determine r(-32).
-8
Let o(i) = -6*i**2 - 29*i + 127. Determine o(6).
-263
Let u(z) = 51*z**3 - 254*z**2 - z - 21. Calculate u(5).
-1
Let m(c) = -38*c + 60. Determine m(2).
-16
Let l(x) = 703*x - 30225. Give l(43).
4
Let f(v) = v**2 + 13*v - 79. Give f(4).
-11
Let g(f) = -f**3 - 27*f**2 - 39*f + 295. What is g(-25)?
20
Let z(m) = 12*m - 29. What is z(3)?
7
Let b(d) = 20*d**3 - 9*d**2 + d + 23. Determine b(2).
149
Let f(i) = -i**3 - 17*i**2 + 247*i - 128. Determine f(9).
-11
Let j(i) = i**3 - 2*i**2 - 50*i + 139. Calculate j(6).
-17
Let a(q) = -2*q**3 + 26*q**2 + 20*q + 30. Determine a(14).
-82
Let t(s) = -17*s - 77. What is t(-5)?
8
Let x(r) = -r**3 - 5*r**2 - 37*r - 254. Calculate x(-6).
4
Let t(n) = 8*n**2 - 11*n - 249. Calculate t(-11).
840
Let n(s) = -s**3 - 6*s**2 - 21*s - 124. Calculate n(-9).
308
Let i(q) = 19*q - 195. Calculate i(10).
-5
Let d(q) = -141*q**3 - 5*q**2 + 9*q + 2. Calculate d(2).
-1128
Let p(v) = -v**3 - 13*v**2 + 7*v - 44. Calculate p(-9).
-431
Let m(b) = 721*b + 2779. Determine m(-4).
-105
Let g(s) = -87*s + 91. Determine g(1).
4
Let q(t) = -8*t**2 + 16*t + 1. Calculate q(9).
-503
Let i(o) = 7*o**2 + 181*o - 730. Calculate i(4).
106
Let t(n) = -7*n**2 + 5*n + 30. What is t(-4)?
-102
Let h(l) = 3*l**3 + 3*l**2 - 10*l - 5. Determine h(-4).
-109
Let c(q) = 487*q - 36020. Give c(74).
18
Let d(r) = 2*r**2 - 618*r - 1863. Determine d(-3).
9
Let l(a) = a**3 - 52*a**2 - 7*a + 385. Give l(52).
21
Let f(y) = 528*y + 6859. Give f(-13).
-5
Let y(n) = -2*n**3 - 92*n**2 + 5*n + 241. Give y(-46).
11
Let l(t) = t**3 + 72*t**2 - 466*t - 2. Give l(6).
10
Let o(k) = -3*k**2 + 525*k + 7926. Determine o(-14).
-12
Let w(j) = 95*j + 2968. What is w(-31)?
23
Let a(j) = -94*j - 4986. Calculate a(-53).
-4
Let c(r) = r**3 - 209*r**2 + 1008*r + 2453. What is c(204)?
5
Let s(z) = -z**3 - 7*z**2 + 42*z + 7. Determine s(4).
-1
Let l(x) = -265*x + 18034. Give l(68).
14
Let g(q) = -43*q + 11424. Give g(266).
-14
Let i(h) = -59*h - 30. Calculate i(-4).
206
Let j(x) = 26*x + 974. Determine j(-37).
12
Let d(l) = 10*l**2 - 40*l + 47. Determine d(3).
17
Let n(i) = 3*i**2 - 7*i - 164. Determine n(9).
16
Let w(r) = -6*r**2 + 54*r - 8. Calculate w(9).
-8
Let p(g) = -g**3 - 15*g**2 - 10*g + 49. Give p(-13).
-159
Let h(o) = o**2 + 21*o + 65. Calculate h(-12).
-43
Let n(m) = -29*m**2 + 111*m + 25. Give n(4).
5
Let v(f) = 22*f**2 - 10*f + 10. What is v(4)?
322
Let b(k) = 85*k + 1663. Give b(-20).
-37
Let b(v) = -102*v - 149. Give b(-4).
259
Let y(c) = -7*c - 37. Give y(-4).
-9
Let w(q) = 57*q + 1884. What is w(-33)?
3
Let w(a) = -5*a**2 - 141*a - 160. Determine w(-27).
2
Let w(q) = -q**3 - 2*q**2 + 4*q + 54. Determine w(-5).
109
Let v(j) = -j**3 - 9*j**2 - 21*j + 22. Give v(-5).
27
Let p(j) = -16*j**2 - 1086*j + 1086. Calculate p(1).
-16
Let k(o) = 27*o - 1144. Determine k(42).
-10
Let s(x) = x**3 - 6*x**2 - 1904*x + 13277. Calculate s(7).
-2
Let c(b) = -b**3 - 31*b + 308. Determine c(7).
-252
Let p(g) = 93*g - 154. Give p(3).
125
Let h(z) = -11564*z + 46251. Give h(4).
-5
Let r(q) = -q**2 + 36*q + 1925. Calculate r(-26).
313
Let p(y) = -y**3 - 14*y**2 - 11*y + 21. Calculate p(-12).
-135
Let d(w) = -w**3 - 99*w**2 + 112*w + 1064. Determine d(-100).
-136
Let w(n) = -n**3 + 12*n**2 + 67*n + 15. Give w(-5).
105
Let h(i) = 10*i**2 - 127*i + 1196. What is h(10)?
926
Let m(d) = -d**2 - 188*d - 2117. What is m(-12)?
-5
Let w(q) = -3*q**2 - 213*q - 20. Determine w(-71).
-20
Let q(j) = -3*j**2 + 696*j + 1402. Determine q(-2).
-2
Let q(x) = x**3 + 41*x**2 - 101*x + 2. What is q(-43)?
647
Let c(h) = -h**3 + 27*h**2 - 20*h - 52. Give c(25).
698
Let v(i) = 45*i**3 + i**2 - 2*i + 2. Determine v(1).
46
Let q(m) = -m**3 + 13*m**2 - 24*m + 7. Give q(12).
-137
Let p(s) = s**3 - 12*s**2 + 41*s - 1. Calculate p(8).
71
Let b(m) = -m**2 - 566*m + 2283. Determine b(4).
3
Let k(i) = -i**3 + 4*i**2 - i + 5. Calculate k(0).
5
Let i(o) = 3*o**3 + 48*o**2 - 927*o - 14837. Determine i(-16).
-5
Let t(v) = 9*v + 33. Determine t(-16).
-111
Let c(m) = -1114*m - 7764. Give c(-7).
34
Let p(l) = -l**2 - 224*l + 691. Give p(3).
10
Let n(r) = r**3 + 12*r**2 - 5*r + 16. Give n(-12).
76
Let c(r) = r**2 - 298*r + 13189. Give c(54).
13
Let i(d) = d**2 - 1913*d - 11524. Determine i(-6).
-10
Let y(l) = -126*l - 194. Determine y(0).
-194
Let o(y) = y**2 - 219*y + 4657. Calculate o(24).
-23
Let b(v) = -10022*v - 190433. Determine b(-19).
-15
Let l(p) = -p**3 - 155*p**2 + 474*p + 24. What is l(-158)?
24
Let l(f) = -f**3 + 14*f**2 - 54*f + 20. Give l(6).
-16
Let c(m) = m**2 + 5*m + 41. Give c(-5).
41
Let g(w) = -3*w**3 - 9*w**2 - 4*w + 11. Determine g(-5).
181
Let l(r) = -9*r**2 - 149*r - 6. What is l(-19)?
-424
Let r(o) = 2*o**2 - 108*o + 207. Give r(52).
-1
Let g(d) = 48*d + 2290. Calculate g(-48).
-14
Let o(w) = -2*w**2 - 2*w + 284. Give o(-11).
64
Let a(y) = -y**3 + 42*y**2 - 40*y - 113. What is a(41)?
-72
Let l(q) = 909*q**2 - 1814*q - 5. Calculate l(2).
3
Let m(r) = -42*r**2 + 105*r - 7. Determine m(4).
-259
Let x(g) = 79*g + 52. What is x(6)?
526
Let u(t) = 2*t**2 - 98*t + 115. What is u(47)?
-73
Let n(t) = 5*t**3 - 54*t**2 + 11*t - 210. Determine n(11).
32
Let q(z) = -2*z**3 + 150*z**2 + 16*z - 1205. What is q(75)?
-5
Let n(d) = 246*d - 508. Give n(3).
230
Let h(s) = -s**2 - 255*s + 3378. Determine h(13).
-106
Let d(q) = -2*q**3 - 20*q**2 + 140*q - 143. Calculate d(-15).
7
Let h(m) = m**3 - 199*m**2 + 371*m + 4534. What is h(197)?
3
Let v(u) = -5*u - 473. What is v(-87)?
-38
Let p(u) = -21*u + 3266. Calculate p(156).
-10
Let t(b) = -2*b**3 + 16*b**2 - 179*b + 1261. Determine t(7).
106
Let l(x) = 86*x**3 + 84*x**2 + 85*x + 1. What is l(-1)?
-86
Let g(f) = -f**2 - 30*f - 134. Give g(-25).
-9
Let w(g) = -77*g - 4285. What is w(-55)?
-50
Let s(j) = j**2 - 758*j + 8958. What is s(12)?
6
Let o(z) = -50*z + 35. Give o(5).
-215
Let d(u) = -u**2 - 6*u + 183. Give d(-25).
-292
Let a(c) = 235*c + 1176. Determine a(-5).
1
Let d(i) = -3189*i - 19139. Give d(-6).
-5
Let h(d) = d**3 + 3*d**2 - 15*d - 31. Determine h(-2).
3
Let q(s) = s - 928. Determine q(-19).
-947
Let c(i) = -i**3 - 9*i**2 + 30*i + 176. Determine c(-10).
-24
Let t(v) = -2*v**3 + 29*v**2 - 10*v - 514.